4
What is the billions digit of 1160862668?
1
What is the ten thousands digit of 178956004?
5
What is the ten millions digit of 811367665?
1
What is the hundreds digit of 134772845?
8
What is the tens digit of 18857174?
7
What is the thousands digit of 2145104615?
4
What is the ten thousands digit of 27088164?
8
What is the ten millions digit of 145087242?
4
What is the ten millions digit of 30431897?
3
What is the ten millions digit of 24017876?
2
What is the millions digit of 125391317?
5
What is the hundred thousands digit of 898493770?
4
What is the units digit of 6592749665?
5
What is the units digit of 1501127588?
8
What is the units digit of 1785360939?
9
What is the units digit of 678478461?
1
What is the hundred millions digit of 5327586018?
3
What is the tens digit of 1064056122?
2
What is the hundreds digit of 21358273?
2
What is the ten thousands digit of 4963075198?
7
What is the units digit of 36770549?
9
What is the units digit of 58040136?
6
What is the hundred thousands digit of 3091752396?
7
What is the units digit of 401644479?
9
What is the units digit of 717283746?
6
What is the hundred millions digit of 434620496?
4
What is the hundred millions digit of 2297474933?
2
What is the units digit of 44217693?
3
What is the millions digit of 5867915?
5
What is the ten millions digit of 454199017?
5
What is the ten millions digit of 138503599?
3
What is the hundred millions digit of 104292792?
1
What is the millions digit of 1390264902?
0
What is the hundred thousands digit of 124150481?
1
What is the hundreds digit of 793957494?
4
What is the hundred millions digit of 1102576141?
1
What is the ten thousands digit of 4030899726?
9
What is the ten millions digit of 81088217?
8
What is the thousands digit of 2273810593?
0
What is the thousands digit of 43551734?
1
What is the ten millions digit of 152757953?
5
What is the thousands digit of 2581081358?
1
What is the hundreds digit of 11690516?
5
What is the millions digit of 197421171?
7
What is the ten millions digit of 1113615238?
1
What is the tens digit of 24608481?
8
What is the ten millions digit of 9729558367?
2
What is the billions digit of 2915850246?
2
What is the ten millions digit of 210871595?
1
What is the hundred thousands digit of 5903239676?
2
What is the tens digit of 36939614?
1
What is the hundreds digit of 6029776?
7
What is the thousands digit of 244044787?
4
What is the ten millions digit of 2720801825?
2
What is the units digit of 32289571?
1
What is the tens digit of 116337086?
8
What is the ten thousands digit of 600649094?
4
What is the thousands digit of 52336856?
6
What is the ten thousands digit of 52685525?
8
What is the tens digit of 233978269?
6
What is the hundred thousands digit of 492719153?
7
What is the thousands digit of 301290723?
0
What is the hundred millions digit of 971761601?
9
What is the tens digit of 260224492?
9
What is the ten thousands digit of 2061488127?
8
What is the millions digit of 136770130?
6
What is the ten thousands digit of 33820888?
2
What is the hundreds digit of 5206089?
0
What is the ten thousands digit of 24001216?
0
What is the ten thousands digit of 5817894?
1
What is the ten millions digit of 85592224?
8
What is the tens digit of 237032339?
3
What is the hundreds digit of 1811179885?
8
What is the units digit of 129072534?
4
What is the units digit of 344625060?
0
What is the ten thousands digit of 5228275635?
7
What is the millions digit of 116081317?
6
What is the millions digit of 1111222748?
1
What is the ten thousands digit of 1018670947?
7
What is the millions digit of 69079454?
9
What is the tens digit of 47374764?
6
What is the millions digit of 1803935321?
3
What is the ten millions digit of 837156040?
3
What is the ten thousands digit of 133002060?
0
What is the ten millions digit of 49647261?
4
What is the hundred thousands digit of 533069463?
0
What is the thousands digit of 38925741?
5
What is the thousands digit of 74271087?
1
What is the hundred millions digit of 515096505?
5
What is the hundred millions digit of 789074674?
7
What is the ten thousands digit of 24139840?
3
What is the millions digit of 57020115?
7
What is the ten millions digit of 84166684?
8
What is the ten millions digit of 76916168?
7
What is the ten thousands digit of 84816931?
1
What is the thousands digit of 210751357?
1
What is the ten thousands digit of 22656669?
5
What is the millions digit of 86216424?
6
What is the tens digit of 37897849?
4
What is the thousands digit of 636586781?
6
What is the units digit of 208820716?
6
What is the hundred millions digit of 3223923389?
2
What is the hundred thousands digit of 4366438757?
4
What is the hundred millions digit of 2636328821?
6
What is the millions digit of 3213336315?
3
What is the millions digit of 4455484066?
5
What is the ten thousands digit of 32180009?
8
What is the thousands digit of 984146921?
6
What is the ten millions digit of 6275656180?
7
What is the ten thousands digit of 32803589?
0
What is the hundreds digit of 33121018?
0
What is the ten thousands digit of 49233692?
3
What is the millions digit of 1061665533?
1
What is the hundred thousands digit of 30164822?
1
What is the thousands digit of 54165686?
5
What is the millions digit of 193673375?
3
What is the units digit of 3461165360?
0
What is the millions digit of 397126618?
7
What is the tens digit of 709205319?
1
What is the hundreds digit of 151985139?
1
What is the tens digit of 30195108?
0
What is the tens digit of 158263933?
3
What is the tens digit of 59694448?
4
What is the hundred thousands digit of 65051749?
0
What is the units digit of 78443052?
2
What is the units digit of 31136527?
7
What is the tens digit of 50332824?
2
What is the ten thousands digit of 219713612?
1
What is the thousands digit of 1999944113?
4
What is the ten thousands digit of 159197884?
9
What is the hundreds digit of 100123979?
9
What is the ten millions digit of 79537759?
7
What is the thousands digit of 43259804?
9
What is the tens digit of 12949074?
7
What is the ten thousands digit of 23318528?
1
What is the tens digit of 762474287?
8
What is the hundreds digit of 46191505?
5
What is the hundreds digit of 1079745470?
4
What is the thousands digit of 1141342849?
2
What is the units digit of 43321681?
1
What is the billions digit of 1484407207?
1
What is the hundreds digit of 5115217237?
2
What is the ten millions digit of 63540909?
6
What is the hundreds digit of 45578012?
0
What is the hundred thousands digit of 2097112420?
1
What is the millions digit of 1129484838?
9
What is the ten millions digit of 204812535?
0
What is the hundreds digit of 1073642714?
7
What is the ten thousands digit of 27931027?
3
What is the hundreds digit of 80009922?
9
What is the ten millions digit of 1319241827?
1
What is the units digit of 666159852?
2
What is the thousands digit of 1530768393?
8
What is the ten thousands digit of 791613553?
1
What is the units digit of 219126019?
9
What is the thousands digit of 419056686?
6
What is the thousands digit of 459598128?
8
What is the ten millions digit of 7950192819?
5
What is the units digit of 56900567?
7
What is the hundreds digit of 83967103?
1
What is the hundreds digit of 2429860545?
5
What is the hundred thousands digit of 1286360744?
3
What is the billions digit of 2458086142?
2
What is the hundred thousands digit of 274189634?
1
What is the tens digit of 95954975?
7
What is the units digit of 549729495?
5
What is the ten thousands digit of 492695548?
9
What is the hundred millions digit of 372709083?
3
What is the millions digit of 1794373230?
4
What is the tens digit of 38954951?
5
What is the ten thousands digit of 210673876?
7
What is the ten millions digit of 1911184748?
1
What is the millions digit of 4975658363?
5
What is the millions digit of 664146241?
4
What is the millions digit of 721484241?
1
What is the thousands digit of 297440960?
0
What is the billions digit of 1213406600?
1
What is the units digit of 1033411571?
1
What is the tens digit of 1995963085?
8
What is the units digit of 254389512?
2
What is the ten millions digit of 809797928?
0
What is the tens digit of 420064058?
5
What is the units digit of 23165524?
4
What is the ten millions digit of 228645180?
2